umber?
False
Is 27604931 composite?
True
Is 112501841 a prime number?
False
Is 8943257 prime?
False
Is 4300511 composite?
True
Is 71969797 composite?
False
Is 2720761 a prime number?
False
Is 96346819 composite?
False
Is 33527411 prime?
True
Is 610474 a composite number?
True
Is 832651091 a prime number?
True
Is 425113213 a composite number?
True
Is 28218607 a prime number?
False
Is 868477 a prime number?
False
Is 5656379 a composite number?
False
Is 61669103 composite?
True
Is 12423133 composite?
False
Is 3935683 composite?
False
Is 161800297 prime?
False
Is 11017387 prime?
False
Is 32818253 a prime number?
False
Is 25521487 prime?
True
Is 3155567 composite?
True
Is 1599811 a composite number?
True
Is 7789343 prime?
True
Is 3813043 composite?
True
Is 10246883 prime?
True
Is 6489671 a composite number?
False
Is 13017833 a composite number?
False
Is 31599913 prime?
True
Is 22475749 a prime number?
False
Is 14117747 a composite number?
True
Is 5269321 composite?
True
Is 6971539 a composite number?
False
Is 38063677 a composite number?
False
Is 506630393 prime?
True
Is 492207649 composite?
True
Is 48611 a prime number?
True
Is 182627119 composite?
False
Is 3819031 a composite number?
False
Is 115251677 a composite number?
False
Is 1455607 a prime number?
True
Is 47644391 a composite number?
False
Is 27222379 composite?
True
Is 190778109 composite?
True
Is 1306204861 composite?
True
Is 2403923 prime?
False
Is 4568511 a prime number?
False
Is 7062287 composite?
False
Is 9322549 a prime number?
True
Is 36538427 prime?
True
Is 12238181 a composite number?
True
Is 27550169 a prime number?
True
Is 158007041 a composite number?
True
Is 25453541 composite?
True
Is 2997583 prime?
True
Is 5187313 a prime number?
True
Is 6762979 prime?
True
Is 379746727 composite?
False
Is 161025933 composite?
True
Is 265703 prime?
True
Is 5256233 composite?
False
Is 524577409 prime?
True
Is 743858 prime?
False
Is 33663431 composite?
False
Is 5356457 a prime number?
False
Is 190946711 a composite number?
True
Is 1294956809 a prime number?
True
Is 93464817 a prime number?
False
Is 403308313 a prime number?
True
Is 51805051 a prime number?
True
Is 71259913 a prime number?
False
Is 30928341 prime?
False
Is 24057827 composite?
True
Is 31366501 prime?
False
Is 84284017 composite?
False
Is 5896567 composite?
False
Is 7092269 composite?
True
Is 1969937 composite?
True
Is 1183241 prime?
True
Is 2534941 prime?
True
Is 10495067 a prime number?
False
Is 41426097 composite?
True
Is 11478617 a prime number?
True
Is 9547951 a prime number?
False
Is 1467887 prime?
True
Is 188150393 a composite number?
False
Is 261337 a composite number?
False
Is 357164277 prime?
False
Is 71269951 a prime number?
True
Is 48734731 prime?
False
Is 413800301 a composite number?
False
Is 3767779 prime?
True
Is 539129 prime?
True
Is 2123049 a prime number?
False
Is 8548363 a prime number?
True
Is 2767173 a prime number?
False
Is 70179503 composite?
False
Is 1465351 composite?
False
Is 6740315 composite?
True
Is 49236257 a prime number?
False
Is 9379049 prime?
True
Is 23202511 a composite number?
True
Is 99991631 composite?
True
Is 6849053 composite?
True
Is 58056322 a prime number?
False
Is 13416167 prime?
False
Is 505907273 prime?
True
Is 6190202 a composite number?
True
Is 51685159 prime?
True
Is 79251169 a prime number?
False
Is 220633939 composite?
True
Is 446309 composite?
False
Is 121917769 composite?
True
Is 13586449 composite?
False
Is 34631 prime?
True
Is 22776517 a composite number?
False
Is 743345 prime?
False
Is 4271593 composite?
True
Is 1542973 composite?
False
Is 9431111 composite?
False
Is 57053803 a composite number?
False
Is 472457 composite?
False
Is 651461 composite?
False
Is 54823 composite?
True
Is 33823943 a prime number?
True
Is 42742597 a prime number?
True
Is 5016261 composite?
True
Is 12818471 prime?
True
Is 31248667 prime?
True
Is 23434563 a prime number?
False
Is 2631541 a composite number?
True
Is 6696773 composite?
False
Is 1328203 a composite number?
False
Is 2384657 composite?
True
Is 67719931 a prime number?
True
Is 1650907 a prime number?
True
Is 768751 a prime number?
True
Is 5762557 a prime number?
True
Is 8865847 composite?
False
Is 11902409 a prime number?
True
Is 255244177 composite?
False
Is 419924341 a composite number?
False
Is 162867598 prime?
False
Is 553103 composite?
False
Is 659219 prime?
False
Is 16081414 prime?
False
Is 919013 composite?
False
Is 5412863 composite?
True
Is 740963 composite?
True
Is 2391491 a prime number?
True
Is 183335177 a prime number?
True
Is 6115898 a prime number?
False
Is 153694729 a prime number?
True
Is 34277293 prime?
True
Is 23668013 a prime number?
False
Is 31422571 a prime number?
True
Is 34690945 prime?
False
Is 1631307 composite?
True
Is 1494019 a prime number?
True
Is 5143013 composite?
False
Is 15587417 a prime number?
True
Is 10005601 composite?
False
Is 1990361 prime?
True
Is 568789 composite?
True
Is 143625623 prime?
True
Is 1588559 a composite number?
True
Is 399169417 prime?
True
Is 2515913 a prime number?
False
Is 1697897 prime?
False
Is 2534803 prime?
False
Is 58719657 a composite number?
True
Is 6286234 a prime number?
False
Is 23044309 a prime number?
True
Is 318093221 a prime number?
False
Is 185653 a prime number?
False
Is 133319567 composite?
False
Is 103862357 a prime number?
True
Is 36040129 composite?
False
Is 1315697 a prime number?
True
Is 24387703 composite?
False
Is 288877283 prime?
True
Is 217421 prime?
True
Is 10336927 a composite number?
False
Is 549435371 a prime number?
False
Is 4149493 a prime number?
True
Is 1401313 a prime number?
False
Is 893591 composite?
False
Is 20327707 a prime number?
True
Is 101543251 composite?
False
Is 18324415 prime?
False
Is 196980247 a composite number?
True
Is 153579295 a composite number?
True
Is 7073049 prime?
False
Is 1515109 a composite number?
False
Is 12217459 composite?
False
Is 28361081 a composite number?
True
Is 114560581 prime?
True
Is 170111209 a composite number?
False
Is 184603 a composite number?
True
Is 205036729 a prime number?
True
Is 390233 prime?
False
Is 778007 a composite number?
True
Is 129341 composite?
False
Is 2779121 a composite number?
True
Is 332753285 a prime number?
False
Is 4398803 a composite number?
True
Is 4163023 a prime number?
False
Is 2991829 a composite number?
True
Is 29205149 composite?
False
Is 69563777 a prime number?
True
Is 274963789 prime?
True
Is 9290405 prime?
False
Is 153493 prime?
False
Is 72650379 composite?
True
Is 299659061 composite?
True
Is 5581937 prime?
True
Is 34094559 a composite number?
True
Is 58763791 composite?
True
Is 127398847 prime?
True
Is 12252659 a prime number?
True
Is 34167113 prime?
False
Is 7123573 composite?
True
Is 2918063 a composite number?
True
Is 22580773 a prime number?
True
Is 19442191 a prime number?
True
Is 196447423 prime?
True
Is 5462741 composite?
True
Is 10722133 a prime number?
True
Is 1445827 a composite number?
False
Is 316872511 composite?
False
Is 2839213 a composite number?
True
Is 159610873 prime?
True
Is 855041 a prime number?
False
Is 653033 prime?
True
Is 11011379 a composite number?
False
Is 11212609 a composite number?
False
Is 177967 prime?
True
Is 1973635 prime?
False
Is 278757527 a prime number?
True
Is 5617613 composite?
False
Is 107351417 prime?
False
Is 46018907 prime?
False
Is 165616877 a composite number?
False
Is 19657399 a prime number?
True
Is 3716279 prime?
False
Is 67614431 composite?
False
Is 1707938 prime?
False
Is 1848397 composite?
False
Is 12790874 a prime number?
False
Is 323308735 prime?
False
Is 33303539 prime?
True
Is 3459362 a prime number?
False
Is 6599 a prime number?
True
Is 18687013 composite?
True
Is 72689693 a composite number?
False
Is 936937 composite?
False
Is 213400811 composite?
True
Is 943197 prime?
False
Is 6358873 a prime number?
False
Is 8443243 a prime number?
True
Is 76036249 a composite number?
False
Is 923470963 a composite number?
False
Is 45107746 a prime number?
False
Is 3920533 a prime number?
False
Is 70279049 a composite number?
False
Is 133831349 a composite number?
False
Is 9376967 prime?
False
Is 703499 prime?
True
Is 6998603 prime?
True
Is 327391391 a composite number?
True
Is 313051 a composite number?
True
Is 4127950